{"id":241,"date":"2015-04-19T07:39:34","date_gmt":"2015-04-19T07:39:34","guid":{"rendered":"https:\/\/www.beritmenze.de\/?page_id=241"},"modified":"2016-01-05T16:12:36","modified_gmt":"2016-01-05T16:12:36","slug":"die-schule","status":"publish","type":"page","link":"https:\/\/www.menze-limpinsel.de\/?page_id=241","title":{"rendered":"Die Schule"},"content":{"rendered":"<p><img loading=\"lazy\" decoding=\"async\" class=\"alignnone size-full wp-image-483 aligncenter\" src=\"https:\/\/www.beritmenze.de\/wp-content\/uploads\/2015\/04\/Logo-YouAct.jpg\" alt=\"Logo YouAct\" width=\"950\" height=\"264\" srcset=\"https:\/\/www.menze-limpinsel.de\/wp-content\/uploads\/2015\/04\/Logo-YouAct.jpg 950w, https:\/\/www.menze-limpinsel.de\/wp-content\/uploads\/2015\/04\/Logo-YouAct-50x14.jpg 50w, https:\/\/www.menze-limpinsel.de\/wp-content\/uploads\/2015\/04\/Logo-YouAct-300x83.jpg 300w\" sizes=\"(max-width: 950px) 100vw, 950px\" \/><\/p>\n<p style=\"text-align: justify; padding-left: 30px;\"><span style=\"font-family: Arial,Helvetica,sans-serif; color: #ffffff;\"><span id=\"leitung\">Im Sommer 2012 hat Berit die <a style=\"color: #ffffff;\" title=\"Kontakt zur YouAct \" href=\"https:\/\/ssl-account.com\/ssl.you-act.de\/kontakt.html\">YouAct Schauspielschule<\/a><\/span><span id=\"leitung\"> f\u00fcr Kinder und Jugendliche gegr\u00fcndet. In den 4 Standorten in M\u00fcnchen (Ostbahnhof, Trudering, Pasing und Hauptbahnhof) werden alle Kurse von staatlich gepr\u00fcften Schauspielern sowie Gesangs-, Tanz- und Sprechlehrern gegeben. Momentan besuchen rund 150 Sch\u00fcler\/innen &#8211; aufgeteilt in 19 Kurse &#8211; den w\u00f6chentlichen Schauspielunterricht. Hier k\u00f6nnen sich Kinder und Jugendliche spielerisch ausprobieren und dabei Verhaltensm\u00f6glichkeiten, Rollen und Identit\u00e4ten erfahren. Sie k\u00f6nnen die eigene Pers\u00f6nlichkeit entdecken und entwickeln, ihre Potenziale erkennen, \u00c4ngste \u00fcberwinden, Vertrauen in ihre Individualit\u00e4t gewinnen und dadurch ihr Selbstbewusstsein festigen. Spontanit\u00e4t, Phantasie und Ausdruckskraft werden ebenso gef\u00f6rdert wie die F\u00e4higkeit, im Team zusammenzuarbeiten. <\/span><\/span><\/p>\n<p style=\"text-align: justify; padding-left: 30px;\"><span style=\"font-family: Arial,Helvetica,sans-serif; color: #ffffff;\"><span id=\"leitung\">Jedes Jahr gibt es eine Auff\u00fchrung, bei der sich alle Kurse und Sch\u00fcler\/innen vor Publikum zeigen und ausprobieren k\u00f6nnen. Dieses Jahr findet die Jahrespr\u00e4sentation im Pepper-Theater am 08.Mai \u00a0+ 05.Juni\u00a02016 statt. <\/span><\/span><\/p>\n<p style=\"padding-left: 30px; text-align: left;\"><span style=\"font-family: Arial,Helvetica,sans-serif; color: #000000;\"><span id=\"leitung\"><span style=\"color: #ffffff;\">Weitere Informationen gibt es unter:<\/span> <\/span><\/span><\/p>\n<p style=\"padding-left: 30px; text-align: center;\"><span style=\"font-family: Arial,Helvetica,sans-serif; color: #000000;\"><span id=\"leitung\"><span style=\"color: #bd1515;\"><a style=\"color: #bd1515;\" href=\"http:\/\/www.you-act.de\" target=\"_blank\"><strong><span style=\"font-size: 24pt;\">www.you-act.de<\/span><\/strong><\/a><\/span><\/span><span id=\"leitung\"><\/span><\/span><\/p>\n<p><img loading=\"lazy\" decoding=\"async\" class=\"alignnone size-full wp-image-409\" src=\"https:\/\/www.beritmenze.de\/wp-content\/uploads\/2015\/04\/Wiese-fuer-Webseite.jpg\" alt=\"Wiese fuer Webseite\" width=\"1400\" height=\"298\" srcset=\"https:\/\/www.menze-limpinsel.de\/wp-content\/uploads\/2015\/04\/Wiese-fuer-Webseite.jpg 1400w, https:\/\/www.menze-limpinsel.de\/wp-content\/uploads\/2015\/04\/Wiese-fuer-Webseite-50x11.jpg 50w, https:\/\/www.menze-limpinsel.de\/wp-content\/uploads\/2015\/04\/Wiese-fuer-Webseite-300x64.jpg 300w, https:\/\/www.menze-limpinsel.de\/wp-content\/uploads\/2015\/04\/Wiese-fuer-Webseite-1024x218.jpg 1024w\" sizes=\"(max-width: 1400px) 100vw, 1400px\" \/><\/p>\n","protected":false},"excerpt":{"rendered":"<p>Im Sommer 2012 hat Berit die YouAct Schauspielschule f\u00fcr Kinder und Jugendliche gegr\u00fcndet. In den 4 Standorten in M\u00fcnchen (Ostbahnhof, Trudering, Pasing und Hauptbahnhof) werden alle Kurse von staatlich gepr\u00fcften Schauspielern sowie Gesangs-, Tanz-&#46;&#46;&#46;<\/p>\n","protected":false},"author":1,"featured_media":0,"parent":0,"menu_order":0,"comment_status":"open","ping_status":"open","template":"","meta":{"footnotes":""},"class_list":["post-241","page","type-page","status-publish","hentry"],"_links":{"self":[{"href":"https:\/\/www.menze-limpinsel.de\/index.php?rest_route=\/wp\/v2\/pages\/241"}],"collection":[{"href":"https:\/\/www.menze-limpinsel.de\/index.php?rest_route=\/wp\/v2\/pages"}],"about":[{"href":"https:\/\/www.menze-limpinsel.de\/index.php?rest_route=\/wp\/v2\/types\/page"}],"author":[{"embeddable":true,"href":"https:\/\/www.menze-limpinsel.de\/index.php?rest_route=\/wp\/v2\/users\/1"}],"replies":[{"embeddable":true,"href":"https:\/\/www.menze-limpinsel.de\/index.php?rest_route=%2Fwp%2Fv2%2Fcomments&post=241"}],"version-history":[{"count":31,"href":"https:\/\/www.menze-limpinsel.de\/index.php?rest_route=\/wp\/v2\/pages\/241\/revisions"}],"predecessor-version":[{"id":665,"href":"https:\/\/www.menze-limpinsel.de\/index.php?rest_route=\/wp\/v2\/pages\/241\/revisions\/665"}],"wp:attachment":[{"href":"https:\/\/www.menze-limpinsel.de\/index.php?rest_route=%2Fwp%2Fv2%2Fmedia&parent=241"}],"curies":[{"name":"wp","href":"https:\/\/api.w.org\/{rel}","templated":true}]}}