{"id":93,"date":"2015-02-04T11:16:25","date_gmt":"2015-02-04T11:16:25","guid":{"rendered":"https:\/\/www.beritmenze.de\/?page_id=93"},"modified":"2015-05-11T19:34:17","modified_gmt":"2015-05-11T19:34:17","slug":"fraeulein-karla","status":"publish","type":"page","link":"https:\/\/www.menze-limpinsel.de\/?page_id=93","title":{"rendered":"Fr\u00e4ulein Karla"},"content":{"rendered":"<p style=\"padding-left: 30px;\"><strong><span style=\"color: #000000;\">Fr\u00e4ulein Karlas erster Besuch<\/span><br \/>\n<\/strong><span class=\"klein\" style=\"color: #ffffff;\"><em>Ein Kurzfilm von Jule Ronstedt \/ Teil II<br \/>\nPremiere 2014 Max-Oph\u00fcls-Festival, Saarbr\u00fccken<\/em><\/span><\/p>\n<p style=\"padding-left: 30px;\"><a href=\"https:\/\/vimeo.com\/85149339\" target=\"_blank\"><img loading=\"lazy\" decoding=\"async\" class=\" size-medium wp-image-94 alignnone\" src=\"https:\/\/www.beritmenze.de\/wp-content\/uploads\/2015\/02\/karla_versuch-300x140.jpg\" alt=\"karla_versuch\" width=\"300\" height=\"140\" srcset=\"https:\/\/www.menze-limpinsel.de\/wp-content\/uploads\/2015\/02\/karla_versuch-300x140.jpg 300w, https:\/\/www.menze-limpinsel.de\/wp-content\/uploads\/2015\/02\/karla_versuch-520x245.jpg 520w, https:\/\/www.menze-limpinsel.de\/wp-content\/uploads\/2015\/02\/karla_versuch-700x329.jpg 700w, https:\/\/www.menze-limpinsel.de\/wp-content\/uploads\/2015\/02\/karla_versuch.jpg 630w\" sizes=\"(max-width: 300px) 100vw, 300px\" \/><\/a><\/p>\n<p style=\"padding-left: 30px; text-align: justify;\"><span class=\"klein\"><span style=\"color: #ffffff;\">Fr\u00e4ulein Karla sehnt sich schon lange nach der gro\u00dfen Liebe. Heute bekommt sie Herrenbesuch, zum ersten Mal. Im Haus ihrer Tante Brigitte, das sie wegen der Katze Sonja ein paar Tage h\u00fcten muss, hat sie alles vorbereitet: Den Tisch gedeckt, eine Torte gebacken, sich h\u00fcbsch gemacht. Herbert Kloose hei\u00dft er, mit zwei O. Er bringt ihr Blumen! Sie trinken Tee und dann wollen sie am Abend ins klassische Konzert. Bei Schubert m\u00fcssen beide immer weinen. Herbert hat sogar vorsichtshalber zwei Taschent\u00fccher eingesteckt. Karla ist ger\u00fchrt. Doch pl\u00f6tzlich klingelt es an der T\u00fcr: Tante Brigitte kommt verfr\u00fcht aus der Kur nach Hause. Karla ist nicht begeistert, gerade wurde es romantisch. Die laute, dominante Tante sprengt die zarte Zweisamkeit und \u00fcbernimmt das Kommando. Sie scheucht Karla wie ein Dienstm\u00e4dchen in die K\u00fcche, quetscht Herbert aus wie eine Zitrone und gibt ein Schubertlied zum Besten. Da hat Karla nur noch eine L\u00f6sung &#8230;<\/span><br \/>\n<span style=\"color: #ffffff;\"> Zum<\/span> <span style=\"color: #00ccff;\"><strong><a style=\"color: #00ccff;\" href=\"https:\/\/vimeo.com\/85149339\" target=\"_blank\">Video<\/a><\/strong><\/span><\/span><\/p>\n<p style=\"padding-left: 30px;\"><span class=\"klein\"><strong><span style=\"color: #000000;\">Fr\u00e4ulein Karlas letzter Versuch<\/span><br \/>\n<\/strong><span class=\"klein\" style=\"color: #ffffff;\"><em>Ein Kurzfilm von Jule Ronstedt \/ Teil I<br \/>\nPremiere 2011 Max-Oph\u00fcls-Festival, Saarbr\u00fccken<\/em><\/span><\/span><\/p>\n<p style=\"padding-left: 30px;\"><span style=\"color: #ffffff;\">Video PASSWORT Karla<\/span><\/p>\n<p style=\"padding-left: 30px;\"><span class=\"klein\"><a href=\"https:\/\/vimeo.com\/116637113\" target=\"_blank\"><img loading=\"lazy\" decoding=\"async\" class=\" size-medium wp-image-97 alignnone\" src=\"https:\/\/www.beritmenze.de\/wp-content\/uploads\/2015\/02\/Fra\u0308ulein-Karlas-erster-Versuch-300x169.jpg\" alt=\"Fra\u0308ulein Karlas erster Versuch\" width=\"300\" height=\"169\" srcset=\"https:\/\/www.menze-limpinsel.de\/wp-content\/uploads\/2015\/02\/Fra\u0308ulein-Karlas-erster-Versuch-300x169.jpg 300w, https:\/\/www.menze-limpinsel.de\/wp-content\/uploads\/2015\/02\/Fra\u0308ulein-Karlas-erster-Versuch-1024x576.jpg 1024w, https:\/\/www.menze-limpinsel.de\/wp-content\/uploads\/2015\/02\/Fra\u0308ulein-Karlas-erster-Versuch.jpg 1280w\" sizes=\"(max-width: 300px) 100vw, 300px\" \/><\/a><\/span><\/p>\n<p style=\"padding-left: 30px; text-align: justify;\"><span class=\"klein\" style=\"color: #999999;\"><span style=\"color: #ffffff;\">Fr\u00e4ulein Karla ist in Not. Sie m\u00f6chte nun endlich den Mann ihres Lebens kennenlernen und wartet am Treffpunkt auf ihr Blind Date: Gerd. Nach l\u00e4ngerer Versp\u00e4tung trifft er ein und das Schicksal scheint sich zu f\u00fcgen. Doch dann kommt alles anders und Karla setzt dem Ganzen ein Ende.<\/span><br \/>\n<span style=\"color: #ffffff;\"> Zum<\/span> <span style=\"color: #00ccff;\"><strong><a style=\"color: #00ccff;\" href=\"https:\/\/vimeo.com\/116637113\" target=\"_blank\">Video Passwort Karla<\/a><\/strong><\/span><\/span><\/p>\n","protected":false},"excerpt":{"rendered":"<p>Fr\u00e4ulein Karlas erster Besuch Ein Kurzfilm von Jule Ronstedt \/ Teil II Premiere 2014 Max-Oph\u00fcls-Festival, Saarbr\u00fccken Fr\u00e4ulein Karla sehnt sich schon lange nach der gro\u00dfen Liebe. Heute bekommt sie Herrenbesuch, zum ersten Mal. Im&#46;&#46;&#46;<\/p>\n","protected":false},"author":1,"featured_media":0,"parent":0,"menu_order":0,"comment_status":"open","ping_status":"closed","template":"","meta":{"footnotes":""},"class_list":["post-93","page","type-page","status-publish","hentry"],"_links":{"self":[{"href":"https:\/\/www.menze-limpinsel.de\/index.php?rest_route=\/wp\/v2\/pages\/93"}],"collection":[{"href":"https:\/\/www.menze-limpinsel.de\/index.php?rest_route=\/wp\/v2\/pages"}],"about":[{"href":"https:\/\/www.menze-limpinsel.de\/index.php?rest_route=\/wp\/v2\/types\/page"}],"author":[{"embeddable":true,"href":"https:\/\/www.menze-limpinsel.de\/index.php?rest_route=\/wp\/v2\/users\/1"}],"replies":[{"embeddable":true,"href":"https:\/\/www.menze-limpinsel.de\/index.php?rest_route=%2Fwp%2Fv2%2Fcomments&post=93"}],"version-history":[{"count":19,"href":"https:\/\/www.menze-limpinsel.de\/index.php?rest_route=\/wp\/v2\/pages\/93\/revisions"}],"predecessor-version":[{"id":636,"href":"https:\/\/www.menze-limpinsel.de\/index.php?rest_route=\/wp\/v2\/pages\/93\/revisions\/636"}],"wp:attachment":[{"href":"https:\/\/www.menze-limpinsel.de\/index.php?rest_route=%2Fwp%2Fv2%2Fmedia&parent=93"}],"curies":[{"name":"wp","href":"https:\/\/api.w.org\/{rel}","templated":true}]}}